 the prime factors of b(-5).
2, 43
Let h be (-18)/(-24) + (-38)/8. Let s(f) = -f**3 - 5*f**2 - 5*f - 1. Let b be s(h). Suppose 3*l - 15 = 0, 65 = -b*w + 6*w + l. List the prime factors of w.
2, 5
Suppose 0*g = -3*g + 3. Let t(p) = p**3 - 3*p**2 + 2*p. Let h be t(g). Suppose 4*z - 34 - 58 = h. What are the prime factors of z?
23
Suppose 108 = -5*w - 162. Let r be 1365/(-42) - (-3)/2. Let f = r - w. List the prime factors of f.
23
Let d(k) = k**2 - 15*k + 16. Let x be d(14). Suppose -x*b = 2*a - 6 + 2, 5*b - 2*a - 3 = 0. List the prime factors of -3*b + 6 + 8.
11
Let z = 303 - -662. What are the prime factors of z?
5, 193
Let r(d) = d**3 + 15*d**2 - 16*d + 8. Let a be r(-16). List the prime factors of (a/2)/((-9)/(-36)).
2
Suppose 4*p + 0*o = 5*o + 28, 0 = -4*p - 4*o - 8. Let h = -8 - p. Let n = h - -13. What are the prime factors of n?
3
Let t(b) be the third derivative of b**5/60 - 3*b**4/4 - 17*b**3/6 + 10*b**2. Let i be t(19). Suppose 24 = -w + i*w. What are the prime factors of w?
2, 3
Suppose 3*c - v = 17, 4*v - 4 = 12. Let l(d) = -6*d - 47. Let t be l(-10). Suppose -t*f + 246 = -c*f. List the prime factors of f.
41
Suppose -7*c = -3*c. Suppose c = -4*s - 4*a - 184, -3*s - a = -4*a + 162. Let d = 72 + s. List the prime factors of d.
2, 11
Let n be (601 + -16)/(1 - 0). Suppose 2*g - g + 5*u + n = 0, -4*g + 3*u = 2409. List the prime factors of g/(-16) - 6/4.
2, 3
Suppose -4*x + 4*v - 3 = 5, 2*x - v + 9 = 0. What are the prime factors of 3 + 1 - 567/x?
5, 17
Let p(v) = 6*v**2 + 3*v + 2498. List the prime factors of p(0).
2, 1249
Suppose 2*y = 3*x - 3114, 0*x = 5*x - 2*y - 5194. What are the prime factors of x?
2, 5, 13
Suppose -2*p - c - 19 = 4, p - 4*c + 7 = 0. Let a be 2*1 + 22/p. Suppose -l - 2 = a, -t - 3*t = 3*l - 54. List the prime factors of t.
3, 5
Suppose -4*z + 4*l = z - 2168, 0 = -z + 4*l + 440. What are the prime factors of z?
2, 3
Let b = 79 - 70. Let t(l) = -5*l**3 - 40*l**2 + 36*l + 43. Let u(x) = -x**3 - 10*x**2 + 9*x + 11. Let g(s) = -2*t(s) + 9*u(s). List the prime factors of g(b).
13
Suppose -2*j = -6*j. Suppose 0*f + f - 15 = j. Let y = 22 - f. What are the prime factors of y?
7
Suppose 0 = 3*h - 13 - 20. Let a = 4 + h. Suppose -f - a = -3*r + r, 0 = 5*r + f - 48. What are the prime factors of r?
3
Let l(y) = -391*y**3 - 2*y**2 - 4*y - 2. What are the prime factors of l(-1)?
17, 23
Suppose 0 = -3*w - 12, -324 = 5*s + 2*w - 91. What are the prime factors of 48*(-48)/s - 3/15?
3, 17
Suppose -25 = -5*u - h, 3*u - 2*h + 3 - 5 = 0. Suppose u*l = 3*a - 77, 2*a + 4*l = -a + 37. List the prime factors of a.
19
Let y(j) = 11*j + 116. List the prime factors of y(18).
2, 157
Suppose -4*t + 3 - 39 = 0. Let p = 44 + t. Suppose -p = -4*y + 3*y. List the prime factors of y.
5, 7
Let f(t) = -17*t - 2 - 2 + 0 - 13. What are the prime factors of f(-5)?
2, 17
Let x(w) = 10*w**3 - w**2 + 5*w - 3. Let g be x(3). Suppose g = 3*j - 3*q, -j + 70 = 4*q - 31. List the prime factors of j.
3, 31
Let s(a) = a**3 - a**2 + 4*a - 4. Let u(w) = 0*w + 3*w - 2 + 2*w. Let j be u(1). What are the prime factors of s(j)?
2, 13
Suppose -n + 3086 = 3*t, -43*t + 44*t + 5 = 0. List the prime factors of n.
7, 443
Suppose -15*s - 42 = 3. List the prime factors of ((-6)/s)/(2/(23 - -3)).
2, 13
Suppose 0 = -10*r + 39277 + 17543. List the prime factors of r.
2, 3, 947
Suppose -2*c + 4*t = 0, 4*c - 2*t + 5 = -7. Let m be c - (-3)/(-12)*4. Let k = m + 13. What are the prime factors of k?
2
Let f(r) = 3*r - 13. Let b(g) = 2*g - 19. Let n be b(15). What are the prime factors of f(n)?
2, 5
Let c(v) = 4*v**2 + 28*v - 90. Let n be c(4). Suppose -p = 3 - 7. Suppose -5*q = -y - 184, -5*y - 78 - n = -p*q. List the prime factors of q.
2, 3
Suppose 0 = 2*w - 5*j - 1113, -16*w + 18*w + 2*j - 1078 = 0. List the prime factors of w.
2, 17
Let s = 715 + -493. Suppose 4*p = -8*t + 3*t + s, -t = 2*p - 42. Suppose t - 10 = 3*x. What are the prime factors of x?
2, 3
Let i be 3 + -3 + -3 + -1. List the prime factors of 0 - (-13 + 3 + i).
2, 7
Suppose 2 = -2*u - 14. Let t(g) = -g**3 - 8*g**2 - 17*g - 13. What are the prime factors of t(u)?
3, 41
Suppose -k + 1 = 3*c, 5*k - 6*c + 2*c = 24. Suppose -k*u = u - 395. List the prime factors of u.
79
Let x(i) = -i**3 - 8*i**2 - 11*i - 1. Let k(o) = -o + 1. Let d(r) = 6*k(r) - x(r). Let u be d(-7). Let p = 2 + u. List the prime factors of p.
23
Suppose 3*d - 40 = 8*d. Let x be ((-2)/6)/(d/1032). Let l = x - 16. List the prime factors of l.
3
Let v(l) = l**3 - 8*l**2 - 10*l. Let t be v(9). Let o(g) = g + 13. Let f be o(t). Suppose -91 = -f*z + 49. What are the prime factors of z?
5, 7
Let f(p) = -p + 8. Let y be f(4). Suppose -5 = -2*w - 3*j + 54, 12 = -y*j. Suppose w = 5*t - 4*t. What are the prime factors of t?
2, 17
Suppose -2*k + 4*v + 40 = 0, -5*k + 0*k + 5*v + 105 = 0. Let c(x) = -x**3 - 3*x**2 + 5*x + 7. Let g be c(-4). Let d = g + k. What are the prime factors of d?
5
Suppose -2*l - 14 = 2*s, 0 = l - 5*l. Let k(d) = d**3 + 9*d**2 + 10*d - 2. Let g be k(s). Suppose 6*b + g = 134. List the prime factors of b.
2, 3
Let s = 11 - 10. Let w(m) = -6*m**2 + 3*m - 2. Let z be w(s). List the prime factors of 2/z - 214/(-10).
3, 7
Let d(r) = -2*r**2 + 12*r - 24. Let k(a) = 3*a**2 - 18*a + 36. Suppose 0 = 4*c + 18 + 14. Let x(z) = c*d(z) - 5*k(z). List the prime factors of x(9).
3, 13
Suppose -3*u = 0, 0 = -5*f - 2*u + 6*u + 2670. What are the prime factors of f?
2, 3, 89
Let q be -3 - (-10 + 1 + 2). Suppose -5*d + 5 = -q*d. Suppose d*k - 3*r - 290 = r, -4*k + r + 232 = 0. List the prime factors of k.
2, 29
Let a(w) = -w**2 - 2*w + 60. Let o(t) = 2*t + 12. Let k be o(-6). What are the prime factors of a(k)?
2, 3, 5
Let n(z) = 13*z + 52. Let g be n(-13). Let i = -114 - g. What are the prime factors of i?
3
List the prime factors of 18/4*(-6312)/(-54).
2, 263
Let r = -3 - -7. Let m be ((-6)/r + 1)*-8. Suppose -m*o = o - 105. List the prime factors of o.
3, 7
Suppose 18*i - 13*i = 1980. List the prime factors of i.
2, 3, 11
Let t(k) = 2*k + 4. Let j(q) = -3*q - 3. Let y(r) = -6*j(r) - 5*t(r). Let b be (-3)/6*-2 - -1. List the prime factors of y(b).
2, 7
Let x(o) = 5*o**2 + 6*o + 4. Let m(i) = -2*i + 1. Let d be m(2). Let a(l) = -2*l**2 - 2*l - 1. Let b(j) = d*x(j) - 8*a(j). List the prime factors of b(7).
31
Let c(z) = 2*z**2 - 2*z - 2. Let o be c(2). Suppose 2*s - 1 = 3*s, 3*y - 158 = o*s. Suppose 5*n + y = 3*l, 5*l - 3*n - 51 = l. List the prime factors of l.
3
Let v(s) = -3*s - 12. Suppose 2*c + 3*c = 5*g + 5, 0 = -4*g + 5*c + 1. Let f be v(g). Suppose -20 = -p - f. List the prime factors of p.
2, 7
Suppose 4*s + 2*v = 1116, -651 - 185 = -3*s - v. List the prime factors of s.
2, 139
List the prime factors of (-4*9/6 - -1)*-41.
5, 41
List the prime factors of (-6)/(0 - 3 - 2414/(-806)).
3, 13, 31
Let r be 12 - 16 - (18 + 0). Let d(v) = -v + 32. What are the prime factors of d(r)?
2, 3
Let m(t) = -16*t - 6. Let x(q) = -11*q - 4. Let n(s) = -5*m(s) + 8*x(s). What are the prime factors of n(-6)?
2, 23
Let k be (-6)/(1/(5/(-2))). Suppose 4*i = -i + k. Suppose -a - y = -25, -i*a + 4*y + 25 = -57. List the prime factors of a.
2, 13
Let o = 924 + -499. List the prime factors of o.
5, 17
Suppose -4*n + 67 + 73 = 0. Suppose -2*t + 47 - n = 0. What are the prime factors of t?
2, 3
Let o(z) = -102*z**3 + 4*z**2 + 4*z - 1. List the prime factors of o(-2).
823
Suppose 8*f - 6*f + 6 = 0, -5*x = 2*f - 3209. List the prime factors of x.
643
Let b(t) = -t**3 - 6*t**2 + 6*t + 6. Let n be b(-6). Let o = n - -61. Let w = -18 + o. What are the prime factors of w?
13
Suppose 1185 = 15*m + 45. What are the prime factors of m?
2, 19
Suppose 4*j - t = 3767, -4*j + 4*t + 3752 = 8*t. What are the prime factors of j?
941
Let r(i) = i**3 + 7*i**2 + 5*i - 3. Let w be (-4)/(-8) - 52/8. Let f be r(w). Suppose -f*u + 4*u - 8 = 0. List the prime factors of u.
2
What are the prime factors of (1256 - 11)*10/6?
5, 83
Suppose 2*y - 3*i = 174, -25*y - 3*i = -21*y - 348. Suppose 3 = 3*t + z + 138, -85 = 2*t - z. Let a = t + y. List the prime factors of a.
43
Suppose 24*i - 29*i = 0. Let m = 23 + i. List the prime factors of m.
23
Suppose c + 4*n - 120 = 0, 4*c + 2*n = -0*n + 438. Suppose t + 4*m - c = -t, 2*m - 240 = -4*t. List the prime factors of t.
2, 31
Let i(u) = u**2 - 6*u + 9. Suppo